 Suppose a*n - 20 = -10. What is the tens digit of 908/5 + 10/125*n?
8
Let c(f) = -18 + 271*f**2 + 1155*f**2 - f + 6*f - 6*f + 18*f. What is the tens digit of c(1)?
2
Let l = 42 - 38. Suppose 2 = i - l. Suppose -134 = -2*n + i. What is the units digit of n?
0
Suppose -3*t - 18 = -t. Let u be (t/(-12))/((-1)/(-4)). Let x = u - -30. What is the tens digit of x?
3
Let a(k) = k**3 - 11*k**2 - 8*k + 6. Let h be a(13). Suppose -4*v - h = -7*v. Let o = v - 69. What is the tens digit of o?
1
Suppose 2418 = f - 3*c, -4844 = 7*f - 9*f + 4*c. What is the tens digit of f?
3
Let d(p) be the third derivative of 1/2*p**4 - p**3 + 0*p + 26*p**2 + 0 + 1/60*p**5. What is the hundreds digit of d(-20)?
1
Let f = -884 + 890. What is the tens digit of (-1)/(f/(-36)) + 1319?
2
Suppose 3*u + 5*i = 12 + 13, -4*u + 2*i - 10 = 0. Suppose 8*v - 12886 + 3574 = u. What is the hundreds digit of v?
1
Let j(a) = 358*a - 106. Let v(z) = 355*z - 105. Let f(g) = -6*j(g) + 5*v(g). What is the units digit of f(-3)?
0
Let d = 3405 + -342. Suppose 4*k - 5*u - d = 0, 15*k - 2*u - 2299 = 12*k. What is the hundreds digit of k?
7
Let u = 1024 + -515. Let w = 218 + u. What is the tens digit of w?
2
Let u(l) be the third derivative of 0 + 1/60*l**5 + 1/3*l**4 - 12*l**2 - 23/6*l**3 + 0*l. What is the tens digit of u(-13)?
4
Suppose 12 = 5*q + 2*s, 4*q - s = 9 + 11. Suppose -5*t + 5 - q = 2*y, 0 = 5*y - 3*t + 13. What is the tens digit of y/4 - ((-17765)/(-10))/(-11)?
6
Let t be (-2 + 503)*(1 + -1 - -2). Suppose 5*x - t = -h, -2*x + 463 = h + 64. What is the hundreds digit of x - ((-4 - -8) + 0)?
1
Let o = -2658 + 4783. What is the tens digit of o?
2
Let r(t) = 4 - 5*t**2 - 4*t + 4*t**2 + 45*t. Let w be r(13). Let l = w + -131. What is the tens digit of l?
3
Suppose 2*x = 4*v - 8, -4*x = -3*v - 0 - 4. Suppose 5*t = s - 347, 5*s + x*t + 744 = 2566. What is the tens digit of s?
6
Let x be 4/(2 - 3) + (-29 - -27). What is the hundreds digit of (-516)/10*45/x?
3
Suppose -21*b - 12926 = 2*b. Let m = b - -584. What is the units digit of m?
2
Suppose -70*m - 131416 + 2507776 = 0. What is the units digit of m?
8
Suppose -47*t - 400 = -42*t. Let p = t - -903. What is the units digit of p?
3
Let s be (159/(-15))/((-4)/(-10))*-2. Suppose -5*f - 7*m + s = -3*m, m + 29 = 2*f. Let r(j) = -j**2 + 16*j + 2. What is the units digit of r(f)?
1
Let h = 63316 - 33103. What is the thousands digit of h?
0
Suppose 0 = -5*j - 3*g + 16, 35 = -0*j + 4*j - 5*g. Suppose -x = 3*b + 185 - 36, -5*b - 245 = j*x. What is the tens digit of -5 + 0 - -1 - b?
4
Let m(f) = 4609*f**2 + 703*f + 2088. What is the thousands digit of m(-3)?
1
Let v be (-10)/(-10)*15/((-6)/(-2)). Suppose 0 = -v*g + 17*g - 2724. What is the hundreds digit of g?
2
Suppose -5*i - 53 = 32. Let n = 29 + i. Suppose -n = -l + 42. What is the units digit of l?
4
Let d be (-395324)/(-36) - 1 - (-4)/(-18). What is the units digit of d/110 + 105/33 + -3?
0
Let r be -4 + 9 + (3 - 5). Let x(c) = 2*c + 153*c**2 - 1 - 2 + 1 - 133*c**2. What is the hundreds digit of x(r)?
1
Suppose -18 = 8*g - 50. Suppose 1196 = 5*b - g*w + 3*w, b + 3*w - 236 = 0. What is the units digit of b?
9
Suppose y = 11*m - 10*m - 123, 5*m = 2*y + 606. Suppose 266 = u - m. What is the units digit of u?
6
Let f = -37 - -42. Suppose f = o + 4. What is the tens digit of ((-46)/4)/(o/(-8))?
9
Suppose -10*m - 41*m + 4597625 = 74*m. What is the hundreds digit of m?
7
Let o(c) = -2 - 31*c + 4 + 48*c - 27*c + c**2. Let g be o(10). Suppose -172 = s - g*s. What is the tens digit of s?
7
Suppose -8*g + 3*g + 2*h = -2, 18 = g + 4*h. Let w be (3/(-2) + g)*(0 + 34). Suppose -w*y + 21*y - 116 = 0. What is the tens digit of y?
2
Let v(b) = -b**3 - 19*b**2 + b + 19. Let u = -64 + 45. Let f be v(u). What is the tens digit of ((-129)/(-5) - f)/((-2)/(-10))?
2
Let m be 66/4*8/(-6). Let x = -23 - m. What is the tens digit of (2 - 43 - 2)/x?
4
Suppose -15*a + 47 + 28 = 0. Suppose -145 = -5*b + 5*s, -5*b - a*s + 152 = -b. What is the tens digit of b?
3
Suppose -f - 6 = -6*s + 8*s, 0 = 5*f - 3*s - 35. Suppose 4*p - 998 - 2232 = 3*i, 2*p - 1620 = f*i. What is the units digit of p?
6
Let y = 746 + -314. What is the units digit of 56/6*23/(1288/y)?
2
Let x = 10183 + -6207. What is the units digit of x?
6
Let i = 301 + -70. Suppose 2*u - i = 185. Suppose 7*s = 5*s + u. What is the tens digit of s?
0
Let o(w) = -w**3 + 5*w**2 + 5*w - 18. Let u be o(5). What is the tens digit of (-2)/u - 5/(140/(-2192))?
7
Let i = 108 + -106. Suppose r + 2*r = 3*t - 276, 5*t = i*r + 472. What is the units digit of t?
6
Let k(y) = 70*y**2 + 379*y - 31. What is the hundreds digit of k(13)?
7
What is the hundreds digit of ((-10)/(-12) - 7/14)*7365?
4
Let t = -1213 - -1023. Let s = -133 - t. What is the units digit of s?
7
Let v = 23922 + -7228. What is the ten thousands digit of v?
1
Let i = 265 + -249. What is the tens digit of 8638/i - (-1)/8?
4
Let x = 108933 - 73628. What is the hundreds digit of x?
3
Let c(j) = -61*j + 28. Let y be c(-3). Suppose -y*u + 212*u - 510 = 0. What is the units digit of u?
0
Suppose 2*q - h = q + 13, 2*h = -5*q + 37. Let c = -96 + 153. Let m = c + q. What is the tens digit of m?
6
Let c(l) = -31*l + 121. Let y(g) = g - 3. Let t(v) = c(v) - y(v). What is the units digit of t(-23)?
0
Let u(f) = -10*f + 8*f**3 - 19*f**3 + 12*f**3 - 3*f**2 - 3. Let j be u(5). What is the tens digit of (-3)/(-12)*j/((-3)/212)?
5
Let t = -4244 + 2407. What is the tens digit of (-30)/(-45) - t/3?
1
Suppose -4*r + 5 = -19. Let g(f) = -5*f + 13. Let x be g(r). Let n = x + 50. What is the tens digit of n?
3
Suppose 6*r - 1261 = 107. Suppose -2*z + 0*z = -2*o + r, 231 = 2*o - 3*z. What is the hundreds digit of o?
1
What is the units digit of (-3)/(3200610/(-266714) - -12)?
1
Suppose 25 = 5*i + 5*x, 4*i - x - 25 = -i. Suppose -3*u + i = 2*u. What is the tens digit of 2/(-7) + (-4315)/(-35)*u?
2
Let f(i) = -639*i - 37. Let p(c) = 426*c + 24. Let x(q) = 5*f(q) + 8*p(q). What is the hundreds digit of x(1)?
2
Let f(g) be the third derivative of g**5/60 - 5*g**4/24 - 14*g**2. Let q be f(-3). What is the hundreds digit of 2418/q - 3/(-12)?
1
Suppose -2*o + n = 1175, -o + 2*n = 2*o + 1764. Let j = -294 - o. What is the units digit of j?
2
Suppose -4*l - 4*i = 82 - 9302, -5*l = i - 11521. Suppose 0 = 4*k - 4*g - l, 0 = -0*g + 4*g - 8. What is the hundreds digit of k?
5
Let h(m) = -m**3 + 15*m**2 + 2*m - 2. Let n be h(15). Let k = n - -67. Suppose -6*g - k = -677. What is the units digit of g?
7
Let a(u) = 3*u**3 - 7*u**2 + 8*u - 4. Let b be a(6). What is the units digit of (b/30)/(3/27)?
2
Let s(c) = 11*c**3 + 18*c**3 + 2*c - 8 - 30*c**3 + 4*c**2. Let g be s(4). Suppose g = b + 3*b - 716. What is the units digit of b?
9
Let i be 6/(-4)*(-9552)/9. Let c = -578 + i. What is the tens digit of c?
1
Suppose -7*q = -13*q + 54. Suppose -30 = q*j - 15*j. Suppose 2*k - 368 = -k - j*o, 5*o = -2*k + 242. What is the units digit of k?
6
Let w(n) = 2085*n + 3210. What is the thousands digit of w(7)?
7
Let v be (-2)/(-2)*((85 - 0) + 6). Let r = -89 + v. Suppose -r*d + 104 = -84. What is the units digit of d?
4
Let j(q) be the second derivative of 7*q**4/12 + 5*q**3/6 + 15*q**2/2 + 19*q. Let m be j(-6). Suppose -6*z = -3*z - m. What is the tens digit of z?
7
Let g(f) be the second derivative of f**4/12 - f**3/3 - 3*f**2 - 3*f. Let q(j) = j**2 - 9*j + 17. Let o be q(5). What is the units digit of g(o)?
9
Suppose -2*v = 10*v + 4*m - 587884, -3*m = 24. What is the thousands digit of v?
8
Let c = 14 + -12. Suppose -r + x = 2*x - 7, 2*x + 22 = c*r. Suppose -5*j = -r*j + 608. What is the hundreds digit of j?
1
Suppose h - 4*d + 390 = 0, -2*h - 4*d + 0*d = 792. Let b = h + 575. What is the hundreds digit of b?
1
Suppose 8*r - 5*k - 1523 = 6*r, -5*r = k - 3875. Let h = r - 494. Suppose -4*l - 3*o + h = 0, -5*o - 22 = -2. What is the tens digit of l?
7
Let q = -45168 + 66789. What is the ten thousands digit of q?
2
Let a = 10774 + 26499. What is the units digit of a?
3
Suppose 3*u = 4*a - 1, 2*u - u = 3*a - 7. Suppose -387 = -u*r + 73. Suppose -6*q + 2*q + r = 0. What is the units digit of q?
3
Let p(r) = -11*r**2 + 24*r + 37. Let u(g) = 5*g**2 - 12*g - 18. Let y(c) = -6*p(c) - 13*u(c). Let w be y(-14). Let b = w + -34. What is the units digit of b?
6
What is the t